**2 + 8*x + 1. Let f = 319 + -326. Determine u(f).
-6
Let l(o) = -1. Let q = -71 + 72. Let f(x) = -x + 5. Let i(d) = q*f(d) + 4*l(d). Give i(-4).
5
Let v(n) = -n**3 - 7*n**2. Let s = 33 - 30. Suppose -5*f + s*f - 14 = 0. Give v(f).
0
Let k(b) = -b + 1. Let c(i) be the second derivative of i**3/3 - i**2/2 + 31*i. Let z(m) = 2*c(m) + 6*k(m). What is z(-5)?
14
Let z = -125 - -152. Suppose -15*q = -3 - z. Let t(x) = -x**3. Let c(k) = -4*k**3 - k**2 - k. Let u(n) = -c(n) + 5*t(n). What is u(q)?
-2
Let d be ((-6)/2)/(1 + -2). Suppose -55 = -4*y - 4*x + 13, x - d = 0. Suppose -10 = -4*n + y. Let w(m) = -2*m - 5. Determine w(n).
-17
Let u = 1 + -3. Let x(b) = 158*b + 155*b + 2 - 2*b**2 - 313*b. Calculate x(u).
-6
Suppose 254 = -10*h + 294. Let u(z) = 3*z**2 - 6*z + 2. Calculate u(h).
26
Let p(g) = 10*g**2 - 2 - 3*g**2 + 11*g**2 - 19*g**2 + 6*g. Give p(8).
-18
Let u = -91 - -92. Let a be (5/(-10))/(u/(-14)). Let p(s) = -s**2 + 6*s + 10. What is p(a)?
3
Let p(h) = -5*h. Suppose -3*s = 3*n - 189, 49 = 2*s + 3*n - 80. Suppose 5*r - r = -s. Let x = -16 - r. What is p(x)?
5
Let i = -91 + 92. Let f(h) = h**3 - 5*h**2 - 7*h + 6. Let x be f(6). Suppose x = -11*g + 10*g - i. Let z(w) = -10*w**3 - w**2 + w + 1. Give z(g).
9
Let r(w) = -5 - 3 + 6*w + 5 - w**2 - 5. Determine r(5).
-3
Let u(q) = 299 + 2*q - 148 + 12*q**2 - 150. What is u(-1)?
11
Let n = 29 + -24. Let a be ((-132)/(-110))/((-2)/n). Let f(v) = v**3 + 3*v**2 + 3*v - 1. Calculate f(a).
-10
Let l = -39 + 71. Let w = 30 - l. Let j(u) = 2*u**3 + 7*u**2 + 2*u - 4. Let o(a) = 2*a**3 + 6*a**2 + 2*a - 3. Let q(n) = 2*j(n) - 3*o(n). What is q(w)?
5
Suppose 1299*l = 1300*l - 7. Let u(w) = w**3 - 8*w**2 + 8*w - 6. Calculate u(l).
1
Let z(l) = l**2 - 4. Let v(q) = -q**2 + 7*q + 11. Let t be v(7). Suppose t = 3*y - 2*r, -3*y = -2*y + 4*r - 13. Suppose 4 + y = 3*i. Give z(i).
5
Suppose -5*x + 5 = 73*h - 78*h, 2*h - 4*x = 2. Let t(j) = -j**3 - 2*j**2 + 3*j - 3. What is t(h)?
-3
Suppose 4*q + 3*q = -35. Let l be q/(-20)*-6*2. Let a(n) = 6 + 2 - 4 - 6*n - n**2. Give a(l).
13
Let o(m) be the third derivative of -m**6/120 - m**5/60 - 332*m**2. Calculate o(-4).
48
Let k(n) = -n. Let q(h) = -1 + 2*h - 7*h + 6*h + 2*h. Let o(r) = -2*k(r) - 2*q(r). Calculate o(5).
-18
Suppose -6 = -i - 2*u - 5, 0 = -3*i - 4*u - 3. Let c(h) be the third derivative of -h**6/120 - h**5/15 + h**4/12 - 7*h**3/6 + h**2. Give c(i).
8
Let g(a) = a**2 + 7*a - 5. Suppose 0 = -5*f - 2*j + 5, -7*f - j = -4*f - 2. Let l(w) = 6*w**3 - w**2 + w. Let x be l(f). Give g(x).
3
Let n(c) = -c + 6. Let m be -38 + (-2 - 0) + -2. Let x be -5 + (-480)/m + (-3)/7. Determine n(x).
0
Let j(z) = z**2 - 2*z. Let c(y) = -y + 8. Let m be c(4). Suppose -4*u - l - m = 0, 4*l - 5*l = 2*u. Determine j(u).
8
Let u(s) = -2*s**2 - 3*s. Let p be (-23)/4 - (-3)/4. Let j(z) = 0 + 2 + 4*z - 4 + z**2 - 5. Let l be j(p). What is u(l)?
-2
Let n(f) = 4*f + 4 - f**2 + 2 - 11 + 2. Let d(u) = -u**3 - 6*u**2 - u - 1. Let l be d(-6). Calculate n(l).
-8
Let z(x) = 2011*x**2 - 2*x - 2009*x**2 + 174*x**3 - 184*x**3. Calculate z(1).
-10
Let t = -110 - -110. Let z(u) = -u**2 - 3. Determine z(t).
-3
Let z(x) = -x**2 + 5*x + 7. Suppose d + 20 = 5*d. Let b be 30/3 + (-1 - -1). Suppose -b = -i + 6*i, 0 = 3*o + 5*i - d. What is z(o)?
7
Suppose 522*v = 540*v + 144. Let r(y) = -y**3 + 0*y**2 - 2 - 6 - 8*y - 9*y**2. Calculate r(v).
-8
Let o(t) = -t**3 + 15*t**2 - 13*t - 11. Suppose -3*k - 44 = -4*g, 58 = g + 4*g - 3*k. Calculate o(g).
3
Let x be 3/(-9) + (-21)/(-9). Let a(v) = -v**x + 6*v - 6*v + 8*v. Suppose -14 = -4*c + 14. What is a(c)?
7
Let f(z) be the third derivative of 0 + 2/3*z**3 - 1/8*z**4 - 1/15*z**5 + 0*z + 1/120*z**6 + 3*z**2. What is f(5)?
14
Let b(s) = -s**2 - 5*s - 5. Let h be (2 - 3)*((4 - -1) + -1). What is b(h)?
-1
Let b(s) be the second derivative of -s**5/20 + 11*s**4/12 - s**3/6 + 3*s**2 + 201*s. Give b(11).
-5
Let l(n) = -5*n - 4. Let k be l(-3). Suppose 2*t + k + 15 = -4*i, -4*t - 34 = 5*i. Let p(j) = 3 + j - 2 + 6. Give p(i).
1
Let n(d) = -3*d**2 + 7*d**2 - 5*d**2 - 13 - 13*d. Suppose 2*v + 34 = 10. Calculate n(v).
-1
Let r(w) be the third derivative of w**5/60 + w**4/3 - w**3/2 - w**2 + 37*w. What is r(-6)?
-15
Let b(y) = 7*y + 5. Suppose -5*z = 5, -2*z - 21 = 4*r - z. Determine b(r).
-30
Let v(i) = -2*i**3 - 7*i - 33 + 16*i + i**3 - 9*i**2 + 33. Determine v(-10).
10
Let f = -3 + 6. Let r(b) = -2*b**2 + 2*b**2 - 4*b - f*b - 2 - b**2. Suppose 0 = -2*a - 5*o - 20, -5*a + o - 22 - 1 = 0. Calculate r(a).
8
Let p(z) = -z**2 - 3*z + 5. Suppose -2*m = a + 4 + 5, 0 = 4*a - 4. What is p(m)?
-5
Let n be 4/(-10) + (-188)/(-20). Suppose 5*c + g - 89 = 4*g, g = -4*c + 61. Suppose 5*z = n*z + c. Let a(l) = 2*l + 4. Determine a(z).
-4
Let c(g) = 4*g**3 + 25*g**2 + 17*g - 10. Let r(m) = -m**3 - 8*m**2 - 6*m + 3. Let v(b) = 2*c(b) + 7*r(b). Give v(7).
-6
Let c(y) = -y**2 - 2*y + 2. Let g(i) = 2*i**2 + 3*i - 5. Let a(j) = -7*c(j) - 3*g(j). Let w be -2 - ((1 - 1) + -2). Suppose -2*p = -w*p + 10. Give a(p).
1
Let h(b) be the third derivative of -2*b**5/15 - 5*b**4/24 - 5*b**3/3 - 3*b**2 + b. Let s(y) = -5*y**2 - 2*y - 5. Let d(p) = -3*h(p) + 5*s(p). Give d(5).
5
Suppose 49*m = 35*m + 28. Let u(j) = j + 3. Give u(m).
5
Let g(l) = 9*l**2 - l - 3. Let t be g(-1). Let j(i) = 4*i + 10. Let c(p) = -p. Let w(d) = -5*c(d) - j(d). Calculate w(t).
-3
Let x(n) = -n**3 + n - 6. Let h be x(0). Let w(r) = 2*r**2 + 10*r + 7. Calculate w(h).
19
Let r(o) be the first derivative of 5*o**2/2 - 3*o + 211. Calculate r(-4).
-23
Let x = -2442 + 2445. Let t(s) = -3*s**2 + 6*s + 5. Determine t(x).
-4
Let p(h) be the first derivative of h**3/3 + 3*h**2 + 3*h + 1063. Calculate p(-8).
19
Let l(c) = -c**3 - 5*c**2 - 3*c + 1. Let o = -1 + -5. Let a be o/5*(-10)/(-3). Determine l(a).
-3
Let g(r) = -r**3 - 5*r**2 - 4*r + 4. Let i = -21 + 5. Let p(z) = z**3 + 16*z**2 - 4. Let l be p(i). What is g(l)?
4
Let j(f) be the third derivative of f**5/60 - 11*f**4/24 - 38*f**3/3 - 212*f**2. Calculate j(16).
4
Suppose z + 2*s = -3 - 3, 20 = -4*z - 4*s. Suppose 27 = -0*k + k + 5*m, -26 = -3*k - 4*m. Let d(y) = 6*y**2 + 9*y - 7*y + y**3 - k*y + 4*y. What is d(z)?
16
Let f(z) = z**2 + 7*z + 5. Let m be f(-5). Let a(x) = 3*x + 1. What is a(m)?
-14
Let y(j) = 2*j**2 - 2*j - 6. Let o be y(3). Let k(b) be the third derivative of b**5/60 - 5*b**4/24 - b**3 - 4*b**2. Give k(o).
0
Let p(w) = w**2 + 6*w - 4. Let y(u) = u**2 - 22*u - 29. Let v be y(23). Calculate p(v).
-4
Let p(m) = -m**2 - 7*m - 6. Let t be p(-5). Let b(c) be the third derivative of -c**6/120 + c**5/15 + c**4/12 - c**3 - 2*c**2 - 170. What is b(t)?
2
Let p(q) = 2*q + 4. Suppose 0*i - 6 = -r - 2*i, -4*i - 12 = 0. Let v = r + 10. Let g be (-20)/6 + v/(-33). Calculate p(g).
-4
Let i(u) = 11*u - 14. Let x(y) = -22*y + 22. Let a(t) = 5*i(t) + 3*x(t). What is a(1)?
-15
Suppose 8*i = -2*b + 7*i - 24, 0 = -3*b - 3*i - 36. Let u(k) = -k**2 - 12*k + 2. Calculate u(b).
2
Let m(g) be the first derivative of -4*g**2 + 4*g + 8. Determine m(5).
-36
Let u be 1/(3*3/45). Let s = 7 - 4. Let p(r) = -3 + 6*r**2 + 0 + 0*r - 2 - s*r - r**3. Determine p(u).
5
Let z(m) = 7*m**3 + 13*m**2 + 3. Let u(f) = 20*f**3 + 37*f**2 + 9. Let v(x) = 6*u(x) - 17*z(x). Calculate v(0).
3
Let o(v) be the second derivative of 11*v**4/12 - v**3/2 - v**2 - 115*v. What is o(-1)?
12
Let w(f) be the third derivative of -f**6/120 + f**5/20 + f**3/2 - 264*f**2. What is w(3)?
3
Suppose 5*q - q = 4. Let x(k) be the second derivative of 2*k**5/5 - k**3/6 + k**2/2 + 315*k + 2. What is x(q)?
8
Let y(r) = 38*r - 2*r**3 + 1 - 36*r + 2*r**2 + r**3. Calculate y(3).
-2
Let x(v) = -v**2 - 4*v. Let m be x(-4). Suppose m*f = -2*f + 28. Let i(h) = -h - 14 + 10*h**3 + f + h**2. What is i(1)?
10
Let n(t) be the third derivative of -t**4/24 - 4*t**3/3 - 74*t**2. Calculate n(-4).
-4
Let z(m) = 20*m - 3. Let y = -663 - -665. Determine z(y).
37
Let n(r) = -7 - r + 2*r**2 + 6 - 3*r. Let o be n(-2). Suppose 4*x = x + o. Let p(h) = h. Determine p(x).
5
Suppose -k - 38 = k. Let i = k - -45. Let r = i + -23. Let s(j) = -j**3 + 2*j**2 + 3. Give s(r).
-6
Suppose 6*n - 2*v = 7*n + 5, -v = n + 4. Let x(p) = -p**3 - p**2 + 3*p - 3. Calculate x(n).
6
Let h(y) = -y**3 + 3*y**2 - 1. Suppose -315 + 351 = 12*i. Determine h(i).
-1
Let s(f) be the first derivativ